{"id":10252,"date":"2025-09-25T10:06:12","date_gmt":"2025-09-25T14:06:12","guid":{"rendered":"https:\/\/www.criaq.aero\/?post_type=evenement&#038;p=10252"},"modified":"2025-11-06T11:00:48","modified_gmt":"2025-11-06T16:00:48","slug":"rdv-reseau-november-13-2025","status":"publish","type":"evenement","link":"https:\/\/www.criaq.aero\/en\/evenement\/rdv-reseau-november-13-2025\/","title":{"rendered":"RDV R\u00e9seau \u2013 November 13, 2025"},"content":{"rendered":"<h2><strong>CRIAQ\u2019s RDV R\u00e9seau in Longueuil<\/strong><\/h2>\n<p>On November 13th, CRIAQ and the City of Longueuil invite you to a\u00a0<strong>RDV R\u00e9seau on Sustainable Aerospace<\/strong>.<\/p>\n<p>Join us to discuss the challenges related to the sustainability of the aerospace sector and the possibility of developing research and innovation projects that are beneficial for Quebec, Canada, and internationally.<\/p>\n<h2><strong>Preliminary Program<\/strong><\/h2>\n<p data-start=\"36\" data-end=\"111\">9:00 AM: Welcome \u2013 Coffee and pastries<br data-start=\"78\" data-end=\"81\" \/>9:30 AM: Opening remarks<\/p>\n<ul data-start=\"112\" data-end=\"266\">\n<li data-start=\"112\" data-end=\"133\">\n<p data-start=\"114\" data-end=\"133\">City of Longueuil<\/p>\n<\/li>\n<li data-start=\"134\" data-end=\"222\">\n<p data-start=\"136\" data-end=\"222\">Espace A\u00e9ro<em> (Pascal D\u00e9silets, General Director)<\/em> and D\u00e9veloppement \u00e9conomique de l&#8217;agglom\u00e9ration de Longueuil (DEL)<em>\u00a0(Julie Ethier, Chief Leader)<\/em><\/p>\n<\/li>\n<li data-start=\"223\" data-end=\"266\">\n<p data-start=\"225\" data-end=\"266\">CRIAQ <em>(Guillaume C\u00f4t\u00e9, President &amp; CEO)<\/em><\/p>\n<\/li>\n<\/ul>\n<p data-start=\"268\" data-end=\"326\">9:45 AM: Experience sharing within the Longueuil hub<\/p>\n<ul data-start=\"327\" data-end=\"547\">\n<li data-start=\"327\" data-end=\"377\">\n<p data-start=\"329\" data-end=\"377\">H55 Canada <em>(\u00c9tienne Ferland, General Director)<\/em><\/p>\n<\/li>\n<li data-start=\"378\" data-end=\"464\">\n<p data-start=\"380\" data-end=\"464\">Pratt &amp; Whitney Canada<em> (Fran\u00e7ois Belleville, Director, New Technology Development)<\/em><\/p>\n<\/li>\n<li>\u00c9TS <em>(Patrick Germain, Director, Aerospace Engineering \/ Georges Ghazi, Professor, Systems Engineering and Aerospace Engineering \/ Flavio Noca, Professor, Aerospace Engineering)<\/em><\/li>\n<li data-start=\"465\" data-end=\"547\">\n<p data-start=\"467\" data-end=\"547\">Centre technologique en a\u00e9rospatiale (CTA) <em>(Fr\u00e9d\u00e9ric Parent, General Director)<\/em><\/p>\n<\/li>\n<\/ul>\n<p data-start=\"549\" data-end=\"581\">10:30 AM: Networking break<\/p>\n<p data-start=\"583\" data-end=\"708\">11:00 AM: CRIAQ updates and special presentations<\/p>\n<ul>\n<li data-start=\"583\" data-end=\"708\">CRIAQ news, portfolio, and project calls <em>(Nicolas Dodane, Director of Programs \/ Etienne Leclerc-Jolette, VP Partnerships &amp; Strategy)<\/em><\/li>\n<li data-start=\"583\" data-end=\"708\">Presentation of two new CRIAQ members: CertX<em> (Wolfgang Berns, Chief Operating Officer)<\/em> and Ablatec<em> (Samuel Paradis, President)<\/em><\/li>\n<li data-start=\"583\" data-end=\"708\">Status update on Strix co-funding (INTAD) <em>(David Nolet, Program Portfolio Manager)<\/em> and CRIAQ <em>(Arnaud D\u00e9au, Senior Project Portfolio Manager)<\/em><\/li>\n<li data-start=\"583\" data-end=\"708\">Presentation on Sustainable Aerospace: From Waste to Data \u2013 Activating the Feedback Loop for a Circular Industry <em data-start=\"397\" data-end=\"472\">(Samira Keivanpour, Associate Professor, Polytechnique Montr\u00e9al)<\/em><\/li>\n<\/ul>\n<p data-start=\"760\" data-end=\"792\">12:00 PM: Networking lunch<\/p>\n<p data-start=\"794\" data-end=\"824\">1:00 PM: End of the event<\/p>\n<h2>Registration inform<strong>ation<\/strong><\/h2>\n<p>In an effort to use public funds and contributions from our members and partners responsibly, as well as to limit food waste and reaffirm our commitment to sustainable development, the registration fees for the RDV R\u00e9seau are set at 80$ per person. Please note that registration fees will be reimbursed for CRIAQ members upon proof of participation.<\/p>\n<p>For those who wish to support Carbone Bor\u00e9al, it\u2019s possible to transfer your refund to offset your CO\u2082 emissions. Please select the corresponding option when registering.<\/p>\n<p>Our aim is to offer you an environment conducive to innovation and collaboration while acting responsibly and sustainably. If you have any questions, we invite you to contact us: evenement@criaq.aero.<\/p>\n","protected":false},"excerpt":{"rendered":"<p>CRIAQ\u2019s RDV R\u00e9seau in Longueuil On November 13th, CRIAQ and the City of Longueuil invite you to a\u00a0RDV R\u00e9seau on Sustainable Aerospace. Join us to discuss the challenges related to the sustainability of the aerospace sector and the possibility of developing research and innovation projects that are beneficial for Quebec, Canada, and internationally. Preliminary Program&#8230;<\/p>\n","protected":false},"featured_media":10251,"template":"","type-devenement":[],"class_list":["post-10252","evenement","type-evenement","status-publish","has-post-thumbnail","hentry"],"acf":[],"yoast_head":"<!-- This site is optimized with the Yoast SEO plugin v27.5 - https:\/\/yoast.com\/product\/yoast-seo-wordpress\/ -->\n<title>RDV R\u00e9seau \u2013 November 13, 2025 - CRIAQ<\/title>\n<meta name=\"robots\" content=\"index, follow, max-snippet:-1, max-image-preview:large, max-video-preview:-1\" \/>\n<link rel=\"canonical\" href=\"https:\/\/www.criaq.aero\/en\/evenement\/rdv-reseau-november-13-2025\/\" \/>\n<meta property=\"og:locale\" content=\"en_US\" \/>\n<meta property=\"og:type\" content=\"article\" \/>\n<meta property=\"og:title\" content=\"RDV R\u00e9seau \u2013 November 13, 2025 - CRIAQ\" \/>\n<meta property=\"og:description\" content=\"CRIAQ\u2019s RDV R\u00e9seau in Longueuil On November 13th, CRIAQ and the City of Longueuil invite you to a\u00a0RDV R\u00e9seau on Sustainable Aerospace. Join us to discuss the challenges related to the sustainability of the aerospace sector and the possibility of developing research and innovation projects that are beneficial for Quebec, Canada, and internationally. Preliminary Program...\" \/>\n<meta property=\"og:url\" content=\"https:\/\/www.criaq.aero\/en\/evenement\/rdv-reseau-november-13-2025\/\" \/>\n<meta property=\"og:site_name\" content=\"CRIAQ\" \/>\n<meta property=\"article:modified_time\" content=\"2025-11-06T16:00:48+00:00\" \/>\n<meta property=\"og:image\" content=\"https:\/\/www.criaq.aero\/wp-content\/uploads\/2025\/09\/RDV-RESEAU-1024x576.png\" \/>\n\t<meta property=\"og:image:width\" content=\"1024\" \/>\n\t<meta property=\"og:image:height\" content=\"576\" \/>\n\t<meta property=\"og:image:type\" content=\"image\/png\" \/>\n<meta name=\"twitter:card\" content=\"summary_large_image\" \/>\n<meta name=\"twitter:label1\" content=\"Est. reading time\" \/>\n\t<meta name=\"twitter:data1\" content=\"3 minutes\" \/>\n<script type=\"application\/ld+json\" class=\"yoast-schema-graph\">{\"@context\":\"https:\\\/\\\/schema.org\",\"@graph\":[{\"@type\":\"WebPage\",\"@id\":\"https:\\\/\\\/www.criaq.aero\\\/en\\\/evenement\\\/rdv-reseau-november-13-2025\\\/\",\"url\":\"https:\\\/\\\/www.criaq.aero\\\/en\\\/evenement\\\/rdv-reseau-november-13-2025\\\/\",\"name\":\"RDV R\u00e9seau \u2013 November 13, 2025 - CRIAQ\",\"isPartOf\":{\"@id\":\"https:\\\/\\\/www.criaq.aero\\\/en\\\/#website\"},\"primaryImageOfPage\":{\"@id\":\"https:\\\/\\\/www.criaq.aero\\\/en\\\/evenement\\\/rdv-reseau-november-13-2025\\\/#primaryimage\"},\"image\":{\"@id\":\"https:\\\/\\\/www.criaq.aero\\\/en\\\/evenement\\\/rdv-reseau-november-13-2025\\\/#primaryimage\"},\"thumbnailUrl\":\"https:\\\/\\\/www.criaq.aero\\\/wp-content\\\/uploads\\\/2025\\\/09\\\/RDV-RESEAU.png\",\"datePublished\":\"2025-09-25T14:06:12+00:00\",\"dateModified\":\"2025-11-06T16:00:48+00:00\",\"breadcrumb\":{\"@id\":\"https:\\\/\\\/www.criaq.aero\\\/en\\\/evenement\\\/rdv-reseau-november-13-2025\\\/#breadcrumb\"},\"inLanguage\":\"en-US\",\"potentialAction\":[{\"@type\":\"ReadAction\",\"target\":[\"https:\\\/\\\/www.criaq.aero\\\/en\\\/evenement\\\/rdv-reseau-november-13-2025\\\/\"]}]},{\"@type\":\"ImageObject\",\"inLanguage\":\"en-US\",\"@id\":\"https:\\\/\\\/www.criaq.aero\\\/en\\\/evenement\\\/rdv-reseau-november-13-2025\\\/#primaryimage\",\"url\":\"https:\\\/\\\/www.criaq.aero\\\/wp-content\\\/uploads\\\/2025\\\/09\\\/RDV-RESEAU.png\",\"contentUrl\":\"https:\\\/\\\/www.criaq.aero\\\/wp-content\\\/uploads\\\/2025\\\/09\\\/RDV-RESEAU.png\",\"width\":1920,\"height\":1080},{\"@type\":\"BreadcrumbList\",\"@id\":\"https:\\\/\\\/www.criaq.aero\\\/en\\\/evenement\\\/rdv-reseau-november-13-2025\\\/#breadcrumb\",\"itemListElement\":[{\"@type\":\"ListItem\",\"position\":1,\"name\":\"Accueil\",\"item\":\"https:\\\/\\\/www.criaq.aero\\\/en\\\/\"},{\"@type\":\"ListItem\",\"position\":2,\"name\":\"RDV R\u00e9seau \u2013 November 13, 2025\"}]},{\"@type\":\"WebSite\",\"@id\":\"https:\\\/\\\/www.criaq.aero\\\/en\\\/#website\",\"url\":\"https:\\\/\\\/www.criaq.aero\\\/en\\\/\",\"name\":\"CRIAQ\",\"description\":\"Consortium de recherche et d&#039;innovation en a\u00e9rospatiale au Qu\u00e9bec\",\"potentialAction\":[{\"@type\":\"SearchAction\",\"target\":{\"@type\":\"EntryPoint\",\"urlTemplate\":\"https:\\\/\\\/www.criaq.aero\\\/en\\\/?s={search_term_string}\"},\"query-input\":{\"@type\":\"PropertyValueSpecification\",\"valueRequired\":true,\"valueName\":\"search_term_string\"}}],\"inLanguage\":\"en-US\"}]}<\/script>\n<!-- \/ Yoast SEO plugin. -->","yoast_head_json":{"title":"RDV R\u00e9seau \u2013 November 13, 2025 - CRIAQ","robots":{"index":"index","follow":"follow","max-snippet":"max-snippet:-1","max-image-preview":"max-image-preview:large","max-video-preview":"max-video-preview:-1"},"canonical":"https:\/\/www.criaq.aero\/en\/evenement\/rdv-reseau-november-13-2025\/","og_locale":"en_US","og_type":"article","og_title":"RDV R\u00e9seau \u2013 November 13, 2025 - CRIAQ","og_description":"CRIAQ\u2019s RDV R\u00e9seau in Longueuil On November 13th, CRIAQ and the City of Longueuil invite you to a\u00a0RDV R\u00e9seau on Sustainable Aerospace. Join us to discuss the challenges related to the sustainability of the aerospace sector and the possibility of developing research and innovation projects that are beneficial for Quebec, Canada, and internationally. Preliminary Program...","og_url":"https:\/\/www.criaq.aero\/en\/evenement\/rdv-reseau-november-13-2025\/","og_site_name":"CRIAQ","article_modified_time":"2025-11-06T16:00:48+00:00","og_image":[{"width":1024,"height":576,"url":"https:\/\/www.criaq.aero\/wp-content\/uploads\/2025\/09\/RDV-RESEAU-1024x576.png","type":"image\/png"}],"twitter_card":"summary_large_image","twitter_misc":{"Est. reading time":"3 minutes"},"schema":{"@context":"https:\/\/schema.org","@graph":[{"@type":"WebPage","@id":"https:\/\/www.criaq.aero\/en\/evenement\/rdv-reseau-november-13-2025\/","url":"https:\/\/www.criaq.aero\/en\/evenement\/rdv-reseau-november-13-2025\/","name":"RDV R\u00e9seau \u2013 November 13, 2025 - CRIAQ","isPartOf":{"@id":"https:\/\/www.criaq.aero\/en\/#website"},"primaryImageOfPage":{"@id":"https:\/\/www.criaq.aero\/en\/evenement\/rdv-reseau-november-13-2025\/#primaryimage"},"image":{"@id":"https:\/\/www.criaq.aero\/en\/evenement\/rdv-reseau-november-13-2025\/#primaryimage"},"thumbnailUrl":"https:\/\/www.criaq.aero\/wp-content\/uploads\/2025\/09\/RDV-RESEAU.png","datePublished":"2025-09-25T14:06:12+00:00","dateModified":"2025-11-06T16:00:48+00:00","breadcrumb":{"@id":"https:\/\/www.criaq.aero\/en\/evenement\/rdv-reseau-november-13-2025\/#breadcrumb"},"inLanguage":"en-US","potentialAction":[{"@type":"ReadAction","target":["https:\/\/www.criaq.aero\/en\/evenement\/rdv-reseau-november-13-2025\/"]}]},{"@type":"ImageObject","inLanguage":"en-US","@id":"https:\/\/www.criaq.aero\/en\/evenement\/rdv-reseau-november-13-2025\/#primaryimage","url":"https:\/\/www.criaq.aero\/wp-content\/uploads\/2025\/09\/RDV-RESEAU.png","contentUrl":"https:\/\/www.criaq.aero\/wp-content\/uploads\/2025\/09\/RDV-RESEAU.png","width":1920,"height":1080},{"@type":"BreadcrumbList","@id":"https:\/\/www.criaq.aero\/en\/evenement\/rdv-reseau-november-13-2025\/#breadcrumb","itemListElement":[{"@type":"ListItem","position":1,"name":"Accueil","item":"https:\/\/www.criaq.aero\/en\/"},{"@type":"ListItem","position":2,"name":"RDV R\u00e9seau \u2013 November 13, 2025"}]},{"@type":"WebSite","@id":"https:\/\/www.criaq.aero\/en\/#website","url":"https:\/\/www.criaq.aero\/en\/","name":"CRIAQ","description":"Consortium de recherche et d&#039;innovation en a\u00e9rospatiale au Qu\u00e9bec","potentialAction":[{"@type":"SearchAction","target":{"@type":"EntryPoint","urlTemplate":"https:\/\/www.criaq.aero\/en\/?s={search_term_string}"},"query-input":{"@type":"PropertyValueSpecification","valueRequired":true,"valueName":"search_term_string"}}],"inLanguage":"en-US"}]}},"_links":{"self":[{"href":"https:\/\/www.criaq.aero\/en\/wp-json\/wp\/v2\/evenement\/10252","targetHints":{"allow":["GET"]}}],"collection":[{"href":"https:\/\/www.criaq.aero\/en\/wp-json\/wp\/v2\/evenement"}],"about":[{"href":"https:\/\/www.criaq.aero\/en\/wp-json\/wp\/v2\/types\/evenement"}],"wp:featuredmedia":[{"embeddable":true,"href":"https:\/\/www.criaq.aero\/en\/wp-json\/wp\/v2\/media\/10251"}],"wp:attachment":[{"href":"https:\/\/www.criaq.aero\/en\/wp-json\/wp\/v2\/media?parent=10252"}],"wp:term":[{"taxonomy":"type-devenement","embeddable":true,"href":"https:\/\/www.criaq.aero\/en\/wp-json\/wp\/v2\/type-devenement?post=10252"}],"curies":[{"name":"wp","href":"https:\/\/api.w.org\/{rel}","templated":true}]}}

RDV Réseau – November 13, 2025

<h2><strong>CRIAQ’s RDV Réseau in Longueuil</strong></h2>
<p>On November 13th, CRIAQ and the City of Longueuil invite you to a <strong>RDV Réseau on Sustainable Aerospace</strong>.</p>
<p>Join us to discuss the challenges related to the sustainability of the aerospace sector and the possibility of developing research and innovation projects that are beneficial for Quebec, Canada, and internationally.</p>
<h2><strong>Preliminary Program</strong></h2>
<p data-start="36" data-end="111">9:00 AM: Welcome – Coffee and pastries<br data-start="78" data-end="81" />9:30 AM: Opening remarks</p>
<ul data-start="112" data-end="266">
<li data-start="112" data-end="133">
<p data-start="114" data-end="133">City of Longueuil</p>
</li>
<li data-start="134" data-end="222">
<p data-start="136" data-end="222">Espace Aéro<em> (Pascal Désilets, General Director)</em> and Développement économique de l&#8217;agglomération de Longueuil (DEL)<em> (Julie Ethier, Chief Leader)</em></p>
</li>
<li data-start="223" data-end="266">
<p data-start="225" data-end="266">CRIAQ <em>(Guillaume Côté, President &amp; CEO)</em></p>
</li>
</ul>
<p data-start="268" data-end="326">9:45 AM: Experience sharing within the Longueuil hub</p>
<ul data-start="327" data-end="547">
<li data-start="327" data-end="377">
<p data-start="329" data-end="377">H55 Canada <em>(Étienne Ferland, General Director)</em></p>
</li>
<li data-start="378" data-end="464">
<p data-start="380" data-end="464">Pratt &amp; Whitney Canada<em> (François Belleville, Director, New Technology Development)</em></p>
</li>
<li>ÉTS <em>(Patrick Germain, Director, Aerospace Engineering / Georges Ghazi, Professor, Systems Engineering and Aerospace Engineering / Flavio Noca, Professor, Aerospace Engineering)</em></li>
<li data-start="465" data-end="547">
<p data-start="467" data-end="547">Centre technologique en aérospatiale (CTA) <em>(Frédéric Parent, General Director)</em></p>
</li>
</ul>
<p data-start="549" data-end="581">10:30 AM: Networking break</p>
<p data-start="583" data-end="708">11:00 AM: CRIAQ updates and special presentations</p>
<ul>
<li data-start="583" data-end="708">CRIAQ news, portfolio, and project calls <em>(Nicolas Dodane, Director of Programs / Etienne Leclerc-Jolette, VP Partnerships &amp; Strategy)</em></li>
<li data-start="583" data-end="708">Presentation of two new CRIAQ members: CertX<em> (Wolfgang Berns, Chief Operating Officer)</em> and Ablatec<em> (Samuel Paradis, President)</em></li>
<li data-start="583" data-end="708">Status update on Strix co-funding (INTAD) <em>(David Nolet, Program Portfolio Manager)</em> and CRIAQ <em>(Arnaud Déau, Senior Project Portfolio Manager)</em></li>
<li data-start="583" data-end="708">Presentation on Sustainable Aerospace: From Waste to Data – Activating the Feedback Loop for a Circular Industry <em data-start="397" data-end="472">(Samira Keivanpour, Associate Professor, Polytechnique Montréal)</em></li>
</ul>
<p data-start="760" data-end="792">12:00 PM: Networking lunch</p>
<p data-start="794" data-end="824">1:00 PM: End of the event</p>
<h2>Registration inform<strong>ation</strong></h2>
<p>In an effort to use public funds and contributions from our members and partners responsibly, as well as to limit food waste and reaffirm our commitment to sustainable development, the registration fees for the RDV Réseau are set at 80$ per person. Please note that registration fees will be reimbursed for CRIAQ members upon proof of participation.</p>
<p>For those who wish to support Carbone Boréal, it’s possible to transfer your refund to offset your CO₂ emissions. Please select the corresponding option when registering.</p>
<p>Our aim is to offer you an environment conducive to innovation and collaboration while acting responsibly and sustainably. If you have any questions, we invite you to contact us: evenement@criaq.aero.</p>

<p>CRIAQ’s RDV Réseau in Longueuil On November 13th, CRIAQ and the City of Longueuil invite you to a RDV Réseau on Sustainable Aerospace. Join us to discuss the challenges related to the sustainability of the aerospace sector and the possibility of developing research and innovation projects that are beneficial for Quebec, Canada, and internationally. Preliminary Program&#8230;</p>

<!-- This site is optimized with the Yoast SEO plugin v27.5 - https://yoast.com/product/yoast-seo-wordpress/ -->
<title>RDV Réseau – November 13, 2025 - CRIAQ</title>
<meta name="robots" content="index, follow, max-snippet:-1, max-image-preview:large, max-video-preview:-1" />
<link rel="canonical" href="https://www.criaq.aero/en/evenement/rdv-reseau-november-13-2025/" />
<meta property="og:locale" content="en_US" />
<meta property="og:type" content="article" />
<meta property="og:title" content="RDV Réseau – November 13, 2025 - CRIAQ" />
<meta property="og:description" content="CRIAQ’s RDV Réseau in Longueuil On November 13th, CRIAQ and the City of Longueuil invite you to a RDV Réseau on Sustainable Aerospace. Join us to discuss the challenges related to the sustainability of the aerospace sector and the possibility of developing research and innovation projects that are beneficial for Quebec, Canada, and internationally. Preliminary Program..." />
<meta property="og:url" content="https://www.criaq.aero/en/evenement/rdv-reseau-november-13-2025/" />
<meta property="og:site_name" content="CRIAQ" />
<meta property="article:modified_time" content="2025-11-06T16:00:48+00:00" />
<meta property="og:image" content="https://www.criaq.aero/wp-content/uploads/2025/09/RDV-RESEAU-1024x576.png" />
	<meta property="og:image:width" content="1024" />
	<meta property="og:image:height" content="576" />
	<meta property="og:image:type" content="image/png" />
<meta name="twitter:card" content="summary_large_image" />
<meta name="twitter:label1" content="Est. reading time" />
	<meta name="twitter:data1" content="3 minutes" />
<script type="application/ld+json" class="yoast-schema-graph">{"@context":"https:\/\/schema.org","@graph":[{"@type":"WebPage","@id":"https:\/\/www.criaq.aero\/en\/evenement\/rdv-reseau-november-13-2025\/","url":"https:\/\/www.criaq.aero\/en\/evenement\/rdv-reseau-november-13-2025\/","name":"RDV Réseau – November 13, 2025 - CRIAQ","isPartOf":{"@id":"https:\/\/www.criaq.aero\/en\/#website"},"primaryImageOfPage":{"@id":"https:\/\/www.criaq.aero\/en\/evenement\/rdv-reseau-november-13-2025\/#primaryimage"},"image":{"@id":"https:\/\/www.criaq.aero\/en\/evenement\/rdv-reseau-november-13-2025\/#primaryimage"},"thumbnailUrl":"https:\/\/www.criaq.aero\/wp-content\/uploads\/2025\/09\/RDV-RESEAU.png","datePublished":"2025-09-25T14:06:12+00:00","dateModified":"2025-11-06T16:00:48+00:00","breadcrumb":{"@id":"https:\/\/www.criaq.aero\/en\/evenement\/rdv-reseau-november-13-2025\/#breadcrumb"},"inLanguage":"en-US","potentialAction":[{"@type":"ReadAction","target":["https:\/\/www.criaq.aero\/en\/evenement\/rdv-reseau-november-13-2025\/"]}]},{"@type":"ImageObject","inLanguage":"en-US","@id":"https:\/\/www.criaq.aero\/en\/evenement\/rdv-reseau-november-13-2025\/#primaryimage","url":"https:\/\/www.criaq.aero\/wp-content\/uploads\/2025\/09\/RDV-RESEAU.png","contentUrl":"https:\/\/www.criaq.aero\/wp-content\/uploads\/2025\/09\/RDV-RESEAU.png","width":1920,"height":1080},{"@type":"BreadcrumbList","@id":"https:\/\/www.criaq.aero\/en\/evenement\/rdv-reseau-november-13-2025\/#breadcrumb","itemListElement":[{"@type":"ListItem","position":1,"name":"Accueil","item":"https:\/\/www.criaq.aero\/en\/"},{"@type":"ListItem","position":2,"name":"RDV Réseau – November 13, 2025"}]},{"@type":"WebSite","@id":"https:\/\/www.criaq.aero\/en\/#website","url":"https:\/\/www.criaq.aero\/en\/","name":"CRIAQ","description":"Consortium de recherche et d&#039;innovation en aérospatiale au Québec","potentialAction":[{"@type":"SearchAction","target":{"@type":"EntryPoint","urlTemplate":"https:\/\/www.criaq.aero\/en\/?s={search_term_string}"},"query-input":{"@type":"PropertyValueSpecification","valueRequired":true,"valueName":"search_term_string"}}],"inLanguage":"en-US"}]}</script>
<!-- / Yoast SEO plugin. -->

RDV Réseau – November 13, 2025 - CRIAQ

CRIAQ’s RDV Réseau in Longueuil On November 13th, CRIAQ and the City of Longueuil invite you to a RDV Réseau on Sustainable Aerospace. Join us to discuss the challenges related to the sustainability of the aerospace sector and the possibility of developing research and innovation projects that are beneficial for Quebec, Canada, and internationally. Preliminary Program...

Consortium de recherche et d&#039;innovation en aérospatiale au Québec
