{"id":10660,"date":"2026-04-09T15:24:01","date_gmt":"2026-04-09T19:24:01","guid":{"rendered":"https:\/\/www.criaq.aero\/?post_type=evenement&#038;p=10660"},"modified":"2026-04-30T15:07:21","modified_gmt":"2026-04-30T19:07:21","slug":"criaq-annual-general-assembly-2026","status":"publish","type":"evenement","link":"https:\/\/www.criaq.aero\/en\/evenement\/criaq-annual-general-assembly-2026\/","title":{"rendered":"CRIAQ 2026 Annual General Assembly"},"content":{"rendered":"<div>\n<p>CRIAQ\u2019s Annual General Meeting (AGM) will take place on <strong>June 10, 2026<\/strong>. This will be an opportunity to review the highlights of the <strong>2025\u20132026 fiscal year<\/strong> and to discuss key developments, challenges, and opportunities for the ecosystem.<\/p>\n<div>\n<p>Participation in the AGM is open to all, upon registration. We look forward to welcoming you at <strong>Espaces Waverly<\/strong>, 7236 Waverly Street, Montr\u00e9al, starting at <strong>8:30 a.m.<\/strong><\/p>\n<p><a href=\"https:\/\/www.zeffy.com\/en-CA\/ticketing\/rdv-aga--2026\">Click here to register for free.<\/a><\/p>\n<p><strong style=\"text-align: justify;\">Agenda<\/strong><\/p>\n<\/div>\n<\/div>\n<p>8:30 a.m. &#8211; Participant welcome, coffee and pastries<\/p>\n<p>9:30 a.m. &#8211; AGM begins<\/p>\n<p>10:30 a.m. &#8211; Networking break<\/p>\n<p>11:00 a.m. &#8211; AGM resumes<\/p>\n<p>12:00 p.m. : Networking snack<\/p>\n<p>1:00 p.m. : End of the event<\/p>\n","protected":false},"excerpt":{"rendered":"<p>L\u2019Assembl\u00e9e g\u00e9n\u00e9rale annuelle (AGA) du CRIAQ aura lieu le 10 juin 2026. Nous y ferons le bilan de l\u2019ann\u00e9e 2025-2026. Cette journ\u00e9e constitue \u00e9galement une occasion privil\u00e9gi\u00e9e pour discuter des avanc\u00e9es, d\u00e9fis et opportunit\u00e9s pour l\u2019\u00e9cosyst\u00e8me.<\/p>\n","protected":false},"featured_media":10609,"template":"","type-devenement":[],"class_list":["post-10660","evenement","type-evenement","status-publish","has-post-thumbnail","hentry"],"acf":[],"yoast_head":"<!-- This site is optimized with the Yoast SEO plugin v27.5 - https:\/\/yoast.com\/product\/yoast-seo-wordpress\/ -->\n<title>CRIAQ 2026 Annual General Assembly - CRIAQ<\/title>\n<meta name=\"robots\" content=\"index, follow, max-snippet:-1, max-image-preview:large, max-video-preview:-1\" \/>\n<link rel=\"canonical\" href=\"https:\/\/www.criaq.aero\/en\/evenement\/criaq-annual-general-assembly-2026\/\" \/>\n<meta property=\"og:locale\" content=\"en_US\" \/>\n<meta property=\"og:type\" content=\"article\" \/>\n<meta property=\"og:title\" content=\"CRIAQ 2026 Annual General Assembly - CRIAQ\" \/>\n<meta property=\"og:description\" content=\"L\u2019Assembl\u00e9e g\u00e9n\u00e9rale annuelle (AGA) du CRIAQ aura lieu le 10 juin 2026. Nous y ferons le bilan de l\u2019ann\u00e9e 2025-2026. Cette journ\u00e9e constitue \u00e9galement une occasion privil\u00e9gi\u00e9e pour discuter des avanc\u00e9es, d\u00e9fis et opportunit\u00e9s pour l\u2019\u00e9cosyst\u00e8me.\" \/>\n<meta property=\"og:url\" content=\"https:\/\/www.criaq.aero\/en\/evenement\/criaq-annual-general-assembly-2026\/\" \/>\n<meta property=\"og:site_name\" content=\"CRIAQ\" \/>\n<meta property=\"article:modified_time\" content=\"2026-04-30T19:07:21+00:00\" \/>\n<meta property=\"og:image\" content=\"https:\/\/www.criaq.aero\/wp-content\/uploads\/2026\/04\/image00006.jpeg\" \/>\n\t<meta property=\"og:image:width\" content=\"2400\" \/>\n\t<meta property=\"og:image:height\" content=\"1600\" \/>\n\t<meta property=\"og:image:type\" content=\"image\/jpeg\" \/>\n<meta name=\"twitter:card\" content=\"summary_large_image\" \/>\n<meta name=\"twitter:label1\" content=\"Est. reading time\" \/>\n\t<meta name=\"twitter:data1\" content=\"1 minute\" \/>\n<script type=\"application\/ld+json\" class=\"yoast-schema-graph\">{\"@context\":\"https:\\\/\\\/schema.org\",\"@graph\":[{\"@type\":\"WebPage\",\"@id\":\"https:\\\/\\\/www.criaq.aero\\\/en\\\/evenement\\\/criaq-annual-general-assembly-2026\\\/\",\"url\":\"https:\\\/\\\/www.criaq.aero\\\/en\\\/evenement\\\/criaq-annual-general-assembly-2026\\\/\",\"name\":\"CRIAQ 2026 Annual General Assembly - CRIAQ\",\"isPartOf\":{\"@id\":\"https:\\\/\\\/www.criaq.aero\\\/en\\\/#website\"},\"primaryImageOfPage\":{\"@id\":\"https:\\\/\\\/www.criaq.aero\\\/en\\\/evenement\\\/criaq-annual-general-assembly-2026\\\/#primaryimage\"},\"image\":{\"@id\":\"https:\\\/\\\/www.criaq.aero\\\/en\\\/evenement\\\/criaq-annual-general-assembly-2026\\\/#primaryimage\"},\"thumbnailUrl\":\"https:\\\/\\\/www.criaq.aero\\\/wp-content\\\/uploads\\\/2026\\\/04\\\/image00006.jpeg\",\"datePublished\":\"2026-04-09T19:24:01+00:00\",\"dateModified\":\"2026-04-30T19:07:21+00:00\",\"breadcrumb\":{\"@id\":\"https:\\\/\\\/www.criaq.aero\\\/en\\\/evenement\\\/criaq-annual-general-assembly-2026\\\/#breadcrumb\"},\"inLanguage\":\"en-US\",\"potentialAction\":[{\"@type\":\"ReadAction\",\"target\":[\"https:\\\/\\\/www.criaq.aero\\\/en\\\/evenement\\\/criaq-annual-general-assembly-2026\\\/\"]}]},{\"@type\":\"ImageObject\",\"inLanguage\":\"en-US\",\"@id\":\"https:\\\/\\\/www.criaq.aero\\\/en\\\/evenement\\\/criaq-annual-general-assembly-2026\\\/#primaryimage\",\"url\":\"https:\\\/\\\/www.criaq.aero\\\/wp-content\\\/uploads\\\/2026\\\/04\\\/image00006.jpeg\",\"contentUrl\":\"https:\\\/\\\/www.criaq.aero\\\/wp-content\\\/uploads\\\/2026\\\/04\\\/image00006.jpeg\",\"width\":2400,\"height\":1600},{\"@type\":\"BreadcrumbList\",\"@id\":\"https:\\\/\\\/www.criaq.aero\\\/en\\\/evenement\\\/criaq-annual-general-assembly-2026\\\/#breadcrumb\",\"itemListElement\":[{\"@type\":\"ListItem\",\"position\":1,\"name\":\"Accueil\",\"item\":\"https:\\\/\\\/www.criaq.aero\\\/en\\\/\"},{\"@type\":\"ListItem\",\"position\":2,\"name\":\"CRIAQ 2026 Annual General Assembly\"}]},{\"@type\":\"WebSite\",\"@id\":\"https:\\\/\\\/www.criaq.aero\\\/en\\\/#website\",\"url\":\"https:\\\/\\\/www.criaq.aero\\\/en\\\/\",\"name\":\"CRIAQ\",\"description\":\"Consortium de recherche et d&#039;innovation en a\u00e9rospatiale au Qu\u00e9bec\",\"potentialAction\":[{\"@type\":\"SearchAction\",\"target\":{\"@type\":\"EntryPoint\",\"urlTemplate\":\"https:\\\/\\\/www.criaq.aero\\\/en\\\/?s={search_term_string}\"},\"query-input\":{\"@type\":\"PropertyValueSpecification\",\"valueRequired\":true,\"valueName\":\"search_term_string\"}}],\"inLanguage\":\"en-US\"}]}<\/script>\n<!-- \/ Yoast SEO plugin. -->","yoast_head_json":{"title":"CRIAQ 2026 Annual General Assembly - CRIAQ","robots":{"index":"index","follow":"follow","max-snippet":"max-snippet:-1","max-image-preview":"max-image-preview:large","max-video-preview":"max-video-preview:-1"},"canonical":"https:\/\/www.criaq.aero\/en\/evenement\/criaq-annual-general-assembly-2026\/","og_locale":"en_US","og_type":"article","og_title":"CRIAQ 2026 Annual General Assembly - CRIAQ","og_description":"L\u2019Assembl\u00e9e g\u00e9n\u00e9rale annuelle (AGA) du CRIAQ aura lieu le 10 juin 2026. Nous y ferons le bilan de l\u2019ann\u00e9e 2025-2026. Cette journ\u00e9e constitue \u00e9galement une occasion privil\u00e9gi\u00e9e pour discuter des avanc\u00e9es, d\u00e9fis et opportunit\u00e9s pour l\u2019\u00e9cosyst\u00e8me.","og_url":"https:\/\/www.criaq.aero\/en\/evenement\/criaq-annual-general-assembly-2026\/","og_site_name":"CRIAQ","article_modified_time":"2026-04-30T19:07:21+00:00","og_image":[{"width":2400,"height":1600,"url":"https:\/\/www.criaq.aero\/wp-content\/uploads\/2026\/04\/image00006.jpeg","type":"image\/jpeg"}],"twitter_card":"summary_large_image","twitter_misc":{"Est. reading time":"1 minute"},"schema":{"@context":"https:\/\/schema.org","@graph":[{"@type":"WebPage","@id":"https:\/\/www.criaq.aero\/en\/evenement\/criaq-annual-general-assembly-2026\/","url":"https:\/\/www.criaq.aero\/en\/evenement\/criaq-annual-general-assembly-2026\/","name":"CRIAQ 2026 Annual General Assembly - CRIAQ","isPartOf":{"@id":"https:\/\/www.criaq.aero\/en\/#website"},"primaryImageOfPage":{"@id":"https:\/\/www.criaq.aero\/en\/evenement\/criaq-annual-general-assembly-2026\/#primaryimage"},"image":{"@id":"https:\/\/www.criaq.aero\/en\/evenement\/criaq-annual-general-assembly-2026\/#primaryimage"},"thumbnailUrl":"https:\/\/www.criaq.aero\/wp-content\/uploads\/2026\/04\/image00006.jpeg","datePublished":"2026-04-09T19:24:01+00:00","dateModified":"2026-04-30T19:07:21+00:00","breadcrumb":{"@id":"https:\/\/www.criaq.aero\/en\/evenement\/criaq-annual-general-assembly-2026\/#breadcrumb"},"inLanguage":"en-US","potentialAction":[{"@type":"ReadAction","target":["https:\/\/www.criaq.aero\/en\/evenement\/criaq-annual-general-assembly-2026\/"]}]},{"@type":"ImageObject","inLanguage":"en-US","@id":"https:\/\/www.criaq.aero\/en\/evenement\/criaq-annual-general-assembly-2026\/#primaryimage","url":"https:\/\/www.criaq.aero\/wp-content\/uploads\/2026\/04\/image00006.jpeg","contentUrl":"https:\/\/www.criaq.aero\/wp-content\/uploads\/2026\/04\/image00006.jpeg","width":2400,"height":1600},{"@type":"BreadcrumbList","@id":"https:\/\/www.criaq.aero\/en\/evenement\/criaq-annual-general-assembly-2026\/#breadcrumb","itemListElement":[{"@type":"ListItem","position":1,"name":"Accueil","item":"https:\/\/www.criaq.aero\/en\/"},{"@type":"ListItem","position":2,"name":"CRIAQ 2026 Annual General Assembly"}]},{"@type":"WebSite","@id":"https:\/\/www.criaq.aero\/en\/#website","url":"https:\/\/www.criaq.aero\/en\/","name":"CRIAQ","description":"Consortium de recherche et d&#039;innovation en a\u00e9rospatiale au Qu\u00e9bec","potentialAction":[{"@type":"SearchAction","target":{"@type":"EntryPoint","urlTemplate":"https:\/\/www.criaq.aero\/en\/?s={search_term_string}"},"query-input":{"@type":"PropertyValueSpecification","valueRequired":true,"valueName":"search_term_string"}}],"inLanguage":"en-US"}]}},"_links":{"self":[{"href":"https:\/\/www.criaq.aero\/en\/wp-json\/wp\/v2\/evenement\/10660","targetHints":{"allow":["GET"]}}],"collection":[{"href":"https:\/\/www.criaq.aero\/en\/wp-json\/wp\/v2\/evenement"}],"about":[{"href":"https:\/\/www.criaq.aero\/en\/wp-json\/wp\/v2\/types\/evenement"}],"wp:featuredmedia":[{"embeddable":true,"href":"https:\/\/www.criaq.aero\/en\/wp-json\/wp\/v2\/media\/10609"}],"wp:attachment":[{"href":"https:\/\/www.criaq.aero\/en\/wp-json\/wp\/v2\/media?parent=10660"}],"wp:term":[{"taxonomy":"type-devenement","embeddable":true,"href":"https:\/\/www.criaq.aero\/en\/wp-json\/wp\/v2\/type-devenement?post=10660"}],"curies":[{"name":"wp","href":"https:\/\/api.w.org\/{rel}","templated":true}]}}

<div>
<p>CRIAQ’s Annual General Meeting (AGM) will take place on <strong>June 10, 2026</strong>. This will be an opportunity to review the highlights of the <strong>2025–2026 fiscal year</strong> and to discuss key developments, challenges, and opportunities for the ecosystem.</p>
<div>
<p>Participation in the AGM is open to all, upon registration. We look forward to welcoming you at <strong>Espaces Waverly</strong>, 7236 Waverly Street, Montréal, starting at <strong>8:30 a.m.</strong></p>
<p><a href="https://www.zeffy.com/en-CA/ticketing/rdv-aga--2026">Click here to register for free.</a></p>
<p><strong style="text-align: justify;">Agenda</strong></p>
</div>
</div>
<p>8:30 a.m. &#8211; Participant welcome, coffee and pastries</p>
<p>9:30 a.m. &#8211; AGM begins</p>
<p>10:30 a.m. &#8211; Networking break</p>
<p>11:00 a.m. &#8211; AGM resumes</p>
<p>12:00 p.m. : Networking snack</p>
<p>1:00 p.m. : End of the event</p>

<p>L’Assemblée générale annuelle (AGA) du CRIAQ aura lieu le 10 juin 2026. Nous y ferons le bilan de l’année 2025-2026. Cette journée constitue également une occasion privilégiée pour discuter des avancées, défis et opportunités pour l’écosystème.</p>

<!-- This site is optimized with the Yoast SEO plugin v27.5 - https://yoast.com/product/yoast-seo-wordpress/ -->
<title>CRIAQ 2026 Annual General Assembly - CRIAQ</title>
<meta name="robots" content="index, follow, max-snippet:-1, max-image-preview:large, max-video-preview:-1" />
<link rel="canonical" href="https://www.criaq.aero/en/evenement/criaq-annual-general-assembly-2026/" />
<meta property="og:locale" content="en_US" />
<meta property="og:type" content="article" />
<meta property="og:title" content="CRIAQ 2026 Annual General Assembly - CRIAQ" />
<meta property="og:description" content="L’Assemblée générale annuelle (AGA) du CRIAQ aura lieu le 10 juin 2026. Nous y ferons le bilan de l’année 2025-2026. Cette journée constitue également une occasion privilégiée pour discuter des avancées, défis et opportunités pour l’écosystème." />
<meta property="og:url" content="https://www.criaq.aero/en/evenement/criaq-annual-general-assembly-2026/" />
<meta property="og:site_name" content="CRIAQ" />
<meta property="article:modified_time" content="2026-04-30T19:07:21+00:00" />
<meta property="og:image" content="https://www.criaq.aero/wp-content/uploads/2026/04/image00006.jpeg" />
	<meta property="og:image:width" content="2400" />
	<meta property="og:image:height" content="1600" />
	<meta property="og:image:type" content="image/jpeg" />
<meta name="twitter:card" content="summary_large_image" />
<meta name="twitter:label1" content="Est. reading time" />
	<meta name="twitter:data1" content="1 minute" />
<script type="application/ld+json" class="yoast-schema-graph">{"@context":"https:\/\/schema.org","@graph":[{"@type":"WebPage","@id":"https:\/\/www.criaq.aero\/en\/evenement\/criaq-annual-general-assembly-2026\/","url":"https:\/\/www.criaq.aero\/en\/evenement\/criaq-annual-general-assembly-2026\/","name":"CRIAQ 2026 Annual General Assembly - CRIAQ","isPartOf":{"@id":"https:\/\/www.criaq.aero\/en\/#website"},"primaryImageOfPage":{"@id":"https:\/\/www.criaq.aero\/en\/evenement\/criaq-annual-general-assembly-2026\/#primaryimage"},"image":{"@id":"https:\/\/www.criaq.aero\/en\/evenement\/criaq-annual-general-assembly-2026\/#primaryimage"},"thumbnailUrl":"https:\/\/www.criaq.aero\/wp-content\/uploads\/2026\/04\/image00006.jpeg","datePublished":"2026-04-09T19:24:01+00:00","dateModified":"2026-04-30T19:07:21+00:00","breadcrumb":{"@id":"https:\/\/www.criaq.aero\/en\/evenement\/criaq-annual-general-assembly-2026\/#breadcrumb"},"inLanguage":"en-US","potentialAction":[{"@type":"ReadAction","target":["https:\/\/www.criaq.aero\/en\/evenement\/criaq-annual-general-assembly-2026\/"]}]},{"@type":"ImageObject","inLanguage":"en-US","@id":"https:\/\/www.criaq.aero\/en\/evenement\/criaq-annual-general-assembly-2026\/#primaryimage","url":"https:\/\/www.criaq.aero\/wp-content\/uploads\/2026\/04\/image00006.jpeg","contentUrl":"https:\/\/www.criaq.aero\/wp-content\/uploads\/2026\/04\/image00006.jpeg","width":2400,"height":1600},{"@type":"BreadcrumbList","@id":"https:\/\/www.criaq.aero\/en\/evenement\/criaq-annual-general-assembly-2026\/#breadcrumb","itemListElement":[{"@type":"ListItem","position":1,"name":"Accueil","item":"https:\/\/www.criaq.aero\/en\/"},{"@type":"ListItem","position":2,"name":"CRIAQ 2026 Annual General Assembly"}]},{"@type":"WebSite","@id":"https:\/\/www.criaq.aero\/en\/#website","url":"https:\/\/www.criaq.aero\/en\/","name":"CRIAQ","description":"Consortium de recherche et d&#039;innovation en aérospatiale au Québec","potentialAction":[{"@type":"SearchAction","target":{"@type":"EntryPoint","urlTemplate":"https:\/\/www.criaq.aero\/en\/?s={search_term_string}"},"query-input":{"@type":"PropertyValueSpecification","valueRequired":true,"valueName":"search_term_string"}}],"inLanguage":"en-US"}]}</script>
<!-- / Yoast SEO plugin. -->

L’Assemblée générale annuelle (AGA) du CRIAQ aura lieu le 10 juin 2026. Nous y ferons le bilan de l’année 2025-2026. Cette journée constitue également une occasion privilégiée pour discuter des avancées, défis et opportunités pour l’écosystème.

Consortium de recherche et d&#039;innovation en aérospatiale au Québec
